 of m?
3, 41
Let i = 5 + -3. Suppose -2*s - 13 = 3*o, 0 = 5*s + 6*o - 2*o + 15. List the prime factors of 68/i*s - -3.
37
Suppose -6*v + 8 = -v + 2*b, 2*v - 5*b - 9 = 0. Suppose -2*j = 4*o - 40, 4*j + 68 = 7*j + v*o. List the prime factors of j.
2, 3
Let s(y) = -2*y - 18. Let i be s(-9). What are the prime factors of 25 + (-12)/(4 + i)?
2, 11
Let b = -295 - -545. What are the prime factors of b?
2, 5
Let a be 355/(-2) - (-3 + 3/2). Let m = a - -427. List the prime factors of m.
251
Let x be ((-3)/(-2))/(10/20). Suppose -v = -4*j - 48, 0*v + x*j = v - 48. What are the prime factors of v?
2, 3
Suppose -4*a = h - 399, a = 3*a - 4. What are the prime factors of h?
17, 23
Suppose 4*y - 1226 = -16*u + 14*u, 309 = y - 2*u. Suppose 3*b = 1108 - y. What are the prime factors of b?
3, 89
Let c = -109 + 227. List the prime factors of c.
2, 59
Let k be 1 - -1*4/2. Let x(t) = t**2 - 21*t + 112. Let a be x(12). Suppose a*w - k*w = -5*f + 40, 0 = 3*w. What are the prime factors of f?
2
Suppose 385 = 4*y - 347. What are the prime factors of (1/3)/(1/y)?
61
Suppose 4*v = 8519 + 2061. List the prime factors of v.
5, 23
Let q(r) = -59*r - 14. List the prime factors of q(-10).
2, 3
Let q(n) = -n**3 - 29*n**2 - 105*n + 69. What are the prime factors of q(-26)?
3, 257
Let o(q) = -8*q**3 + 3*q**2 - q - 2. Let r be o(-4). Suppose r = -5*s - 143. List the prime factors of 5/10 - s/6.
2, 3
Let h = -58 - -62. Suppose -4*s - 190 - 86 = -2*o, 5*o - 648 = -h*s. What are the prime factors of o?
2, 3, 11
Suppose 12*o = m + 15*o - 876, 4300 = 5*m - 5*o. What are the prime factors of m?
2, 3
Suppose 3*y - v - 142 = 0, 3*y + v = 4*y - 48. Suppose -4*b + y = -3*b. Suppose 85 = 4*d + 5*l, -3*d + 3*l + 37 + b = 0. List the prime factors of d.
5
Let r be 2/(-5) - 518/5. Let j(y) = y**3 - 20*y**2 + 28*y - 18. Let w be j(19). Let t = w + r. What are the prime factors of t?
7
Suppose -7*u + 1901 = -1347. Suppose -5*k + 0*k - v = -u, -5*k - 4*v + 476 = 0. What are the prime factors of k?
2, 23
What are the prime factors of (2610/(-35))/(33/42 + -1)?
2, 3, 29
Let j(u) = -u**3 - 12*u**2 - 12*u - 2. Let s be ((-160)/(-35) - 4)*7. Suppose -3*f + 11 = -s*f. What are the prime factors of j(f)?
3
Suppose -24*s + 26*s - 608 = 0. Suppose 6*f = 3*f - 4*l + s, 3*f - 305 = -5*l. What are the prime factors of f?
2, 5
Let m(l) = 251*l**2 - l - 2. Let o be m(-1). Suppose -11*w + 6*w = -o. Suppose 2*f + 4*y - w = -f, -f + 3*y + 21 = 0. List the prime factors of f.
2, 3
Let h = -1409 + 1987. What are the prime factors of h?
2, 17
Suppose -22*g + 51238 - 11198 = 0. What are the prime factors of g?
2, 5, 7, 13
Suppose -8*o + 6892 = -3*o - 4*d, -5*d = o - 1390. List the prime factors of o.
2, 3, 5, 23
Let o(y) = 157*y - 47. List the prime factors of o(10).
1523
Let n be 4/14 - (-768)/56. List the prime factors of 1384/n - (-1)/7.
3, 11
Let x = 15250 - 10551. What are the prime factors of x?
37, 127
Let f = -163 - -313. What are the prime factors of f?
2, 3, 5
Let a = 274 - 169. List the prime factors of 2/(-7) - (-3810)/a.
2, 3
Let y = -7 + 7. Suppose -800 = -3*q - 2*q. List the prime factors of q/5 + y/(-1).
2
Let z = -27 + 34. Suppose -64 = -z*v + 5*v. What are the prime factors of v?
2
Let a be 68/(-2)*6/(-4). Suppose 18*n = -727 + 205. Let o = a + n. List the prime factors of o.
2, 11
Let f be 50/(-3)*(-6)/(-4). Let b be -3 + 2/(2/f). Let x = -11 - b. List the prime factors of x.
17
Suppose 36518 = -60*i + 79*i. List the prime factors of i.
2, 31
Let u = -1237 + 3947. List the prime factors of u.
2, 5, 271
Let p = -115 + 109. Let d(x) be the third derivative of x**5/60 + x**4/12 + x**3/6 + x**2. What are the prime factors of d(p)?
5
Suppose -5*h + 3*a + 265 = 8*a, -212 = -4*h - 5*a. Suppose -4*d + 219 = -h. List the prime factors of d.
2, 17
Suppose 2356 + 732 = 4*r. What are the prime factors of r?
2, 193
Suppose 3*a - 220 = -2*a. Suppose 5*u = 4*u + a. What are the prime factors of (-2)/6 + u/6?
7
Suppose -2*t + 22 = 3*r - t, 5*r - 2*t - 33 = 0. Suppose -r*q - 22 = -421. What are the prime factors of q?
3, 19
Suppose -l - w - 17 = w, -w + 23 = -3*l. Let x(b) = -12*b + 51. What are the prime factors of x(l)?
3, 53
Let x(k) = -k**3 + 26*k**2 - 35*k + 73. List the prime factors of x(24).
5, 7, 11
What are the prime factors of (27/(-2))/((-26)/780)?
3, 5
Suppose 25 + 100 = 5*i. Suppose 8*c + i = 3*c. Let t = c - -57. What are the prime factors of t?
2, 13
Suppose 0 = 15*q - 117 - 138. Let t be -2*2*(-11)/4. Suppose -y + q = -t. What are the prime factors of y?
2, 7
Let v(s) = -203*s - 111. List the prime factors of v(-9).
2, 3, 11, 13
List the prime factors of 9 + 93784/56 - (-2)/7.
2, 421
Suppose -11*x - 33 = 22. List the prime factors of (-802)/x + (-44)/110.
2, 5
Let t = -190 - -1237. List the prime factors of t.
3, 349
Let k(v) be the first derivative of -v**4/4 + 2*v**3 + 7*v**2/2 - 10*v - 32. Suppose -12 = 5*h - 32. What are the prime factors of k(h)?
2, 5
Suppose 0 = 5*l - 5*j - 6 + 76, -3*j - 48 = 2*l. Let u = -11 - l. Suppose 291 = 5*v + 2*s + u, 4*s = 5*v - 302. List the prime factors of v.
2, 29
Let w(i) = 3*i + 8. Suppose -5*l = -6*l + 6. Let h be (5/2)/(3/l). What are the prime factors of w(h)?
23
Suppose -6156 = 71*y - 77*y. List the prime factors of y.
2, 3, 19
Let s(v) be the third derivative of 0*v + 0 - 1/6*v**3 + 0*v**4 + 1/4*v**5 + 4*v**2. What are the prime factors of s(1)?
2, 7
Let o(x) = 5*x**3 - 11*x**2 - 6*x + 3. List the prime factors of o(5).
17, 19
Let t be (-8)/(-12) - 119/3. Let v = 39 + t. Suppose -c - 6 + 68 = v. List the prime factors of c.
2, 31
Suppose 26 = 4*o + 5*i - 14, -5*i = -4*o. Suppose -25 = -b - 4*c + 28, 4*b - 128 = o*c. List the prime factors of b.
37
Suppose -5*m - 4301 = -3*g + g, -5 = 5*m. List the prime factors of g.
2, 3, 179
What are the prime factors of -2 + 105/56 + (-14454)/(-48)?
7, 43
What are the prime factors of (248/(-93))/(4/(-582))?
2, 97
What are the prime factors of (10 - 11)*-1174 + -1?
3, 17, 23
Let i(g) = -g**2 - g + 593. Let u be i(0). Suppose u = 5*b - 682. Suppose 0 = h + 2*s - s - 49, 5*h - b = -3*s. What are the prime factors of h?
2, 3
Let g(q) = q**2 + 6*q - 12. Let t be g(-8). Let j(y) = y**2 - 10 + 4*y + 6*y - t*y + 1. What are the prime factors of j(5)?
2, 23
Let d(q) = 17*q - 46. What are the prime factors of d(13)?
5, 7
Suppose 10 = -3*j - 5, -y = 3*j + 16. What are the prime factors of (-1)/(-5 + 4) - y*66?
67
Suppose 4*j - 28 = 136. Let i = j + 65. List the prime factors of i.
2, 53
Suppose -109 = -x + 36. Let j = x - 19. What are the prime factors of j?
2, 3, 7
Let y be ((-4)/3)/(12/(-18)). Suppose -2*d + 2*g - 4*g - 84 = 0, 5*g + 72 = -y*d. Let t = -9 - d. What are the prime factors of t?
37
Let x(m) = 21*m**3 + m**2 - 2*m + 1. List the prime factors of x(1).
3, 7
Suppose 14*d - 533 - 125 = 0. What are the prime factors of d?
47
Suppose 0 = 71*c - 66*c + 90. Suppose 4*q - 109 = 19. Let a = q + c. List the prime factors of a.
2, 7
Suppose 5*f - 3*b + 42 = -7*b, 3*f + 4*b + 30 = 0. Let w = f - -8. Suppose 0 = -w*o - o + 72. List the prime factors of o.
2, 3
Suppose 2*x - 7 = -o, -4*x + 14 = -5*o - 21. Suppose x = 4*f + 1, 0 = -4*z + 2*f + 294. List the prime factors of z.
2, 37
Suppose 0 = 45*j - 42*j - 6. What are the prime factors of ((-31)/3)/(j/(-6))?
31
Let n = 11 + -7. Suppose -h = -2*y + 3, n*h + 0*y + 4*y - 24 = 0. Suppose 2*j - h*x = -5, 6*x - 25 = -j + 2*x. What are the prime factors of j?
5
Let w be (7 - 6)/(1/7). Let h be (-9 + (4 - 8))*w. Let x = -58 - h. List the prime factors of x.
3, 11
Let z = 55 - 49. What are the prime factors of 8/(-6)*z/(-4)?
2
Let m(a) = -a**3 - 57*a**2 - 172*a - 43. List the prime factors of m(-54).
7, 71
What are the prime factors of 2/24 - (10 + (-225066)/72)?
2, 19, 41
Suppose 5*m + 6 = 1. Let j = -18 - -11. Let w = m - j. What are the prime factors of w?
2, 3
Suppose -2*d - 2*d = 12. Let r(c) be the second derivative of c**4/3 - c**3/3 - 3*c**2/2 - 40*c. What are the prime factors of r(d)?
3, 13
Let d = -32 - -60. Suppose -5*o - d + 163 = 0. Let j = o + 5. What are the prime factors of j?
2
Let i = 9 - -1. Let l be -11 + -1 + (7 - i). Let w = 27 + l. What are the prime factors of w?
2, 3
Let m(u) = u + 12. Let a be m(-8). Suppose a*i + 5*s = 5*i - 53, 4*i - 188 = -4*s. List t